it of d?
8
Suppose 4*x + 5*o - 197 = 0, 3*o - 195 - 61 = -5*x. What is the units digit of x?
3
Let m(a) = -5*a - 11. Let s be m(-3). Suppose -s*i + 17 = -115. What is the units digit of i?
3
Suppose 5*s = 3*j + 34, 2*j = -3*s + 2*s - 1. Let y = 217 - 75. Suppose 112 = 2*n + 2*n - 4*g, s*n = 4*g + y. What is the units digit of n?
0
Suppose 4*b = -b + 45. Let h be (-2)/b - 5572/(-126). Suppose -2*d + 22 + h = -5*x, -5*d - 4*x + 132 = 0. What is the units digit of d?
8
Let s(x) be the second derivative of -13*x**3/6 - x**2 - 30*x. What is the tens digit of s(-2)?
2
Let t(a) = a**2 + a + 1. Let y(n) = -n - 13. Let v be y(-13). Let s be t(v). What is the tens digit of 0/s + (-26)/(-2)?
1
Let l(m) = 1. Let f(o) = 43*o + 9. Let z(i) = f(i) - 6*l(i). What is the tens digit of z(1)?
4
Let x = 633 - 250. Suppose x = 3*b + 5*p, 3*b - p = 606 - 211. What is the tens digit of b?
3
Suppose 3*a + 4*l + 224 = 7*a, 0 = -a + 5*l + 76. Suppose -a = -5*g + 49. Suppose -g = -3*j + 37. What is the units digit of j?
9
Let u be 45/(-4 - (1 - 6)). Suppose -j = -4*j - u. What is the units digit of (-20)/j - 41/(-3)?
5
Let u(n) = n**2 + 7*n + 7. Let j be u(-6). Let g be (40/4 - j) + -1. What is the units digit of 3 + -4*1 + g?
7
Let v = 281 - 147. Suppose -166 = -3*a + v. What is the tens digit of a?
0
Suppose 196*b - 198*b = -2320. What is the thousands digit of b?
1
Let v be (-74)/(-14) + ((-90)/(-35))/(-9). Suppose c - v*n - 70 = 129, 2*c + 3*n = 359. What is the tens digit of c?
8
What is the tens digit of (460/14)/((-39)/(-6279))?
9
Let y = -95 + 87. Let j(q) = q**3 + 7*q**2 - 23*q - 15. What is the hundreds digit of j(y)?
1
Let c = -49 + 43. What is the units digit of (-4)/12 + (-248)/c?
1
Suppose 26*n - 6*n - 102260 = 0. What is the units digit of n?
3
Let f(t) be the first derivative of -7*t - 3 + 1/4*t**4 - 13/3*t**3 + t**2. What is the units digit of f(13)?
9
Suppose -12*t - 24 = -0. What is the units digit of 1078/44*(0 + t - -4)?
9
Let z(y) = 3*y**2 - 3*y - 4. Let k be z(2). Suppose 0 = k*w - 13*w + 594. What is the units digit of w?
4
Let i be (-6)/(-4)*(1 + 1). Suppose -3*k + 3*g = -9, -i*k + 5*g + 13 = g. What is the units digit of 1*k + (-7 - -19)?
1
Suppose 3*l - c = 4*c + 863, -3*l - 4*c = -881. What is the hundreds digit of l?
2
Let f(q) = -12*q**3 + q**2 + 3*q + 3. Let w(u) = 1. Let k(d) = f(d) - w(d). What is the tens digit of k(-1)?
1
Suppose 4*i - 3231 = -h, 2*h - 535 - 3506 = -5*i. Suppose -5*o + 1382 = -4*x, 5*x = -5*o + 2*o + i. What is the tens digit of o?
7
Suppose 4*p - 27 - 72 = -u, 0 = -u + 4*p + 59. Suppose 0 = 3*a + 2*n - u, -2*a = -2*n - 46 - 20. What is the units digit of a?
9
Let s = 81 - -161. What is the hundreds digit of s?
2
Suppose 0*n - 5*n - m + 9 = 0, 4 = -4*m. Let v = -12 + 22. Suppose -n*t + v = -t. What is the units digit of t?
0
Let c be 1/((-875)/(-3540) + 1/(-4)). What is the units digit of (-12 + 13)*(1 - c)?
5
Let m = -1373 + 2904. What is the hundreds digit of m?
5
Let i(b) = 2*b**3 + 3*b**2 + 2*b - 1. Let h be i(-2). What is the tens digit of (-360)/h - (-1 - 1)?
4
What is the tens digit of (26/4)/(-4 + 737/184)?
9
Let o be (0 - 5)/(1/11). Let p = 11 - o. What is the units digit of p?
6
Suppose 0 = -0*z - z. Suppose z = -4*o - 323 + 51. Let b = 108 + o. What is the units digit of b?
0
Suppose -57*d = -56*d - 271. What is the hundreds digit of d?
2
Let z be (-3)/(-1 - (2 - 2)). Suppose z*r - 33 = 12. Suppose -3*b = -0*b - r. What is the units digit of b?
5
Let l = -76 - -373. What is the units digit of l?
7
Suppose -r + 8 = 3*w, 0 = -0*w - 5*w + 2*r + 17. Let z be (-81)/6*-8 - w. Suppose 2*g - z = -g. What is the units digit of g?
5
Suppose -3*q + 6271 = -4*r, 2*q + 33*r - 29*r - 4174 = 0. What is the thousands digit of q?
2
Let z(f) = -2*f + 23. What is the units digit of z(-29)?
1
Let i(o) = o**3 - o + 384. Let a be i(0). Suppose 0 = -14*r + 8*r + a. What is the units digit of r?
4
Suppose -7*i - 2926 = -21*i. Suppose -3*h = -31 - i. What is the units digit of h?
0
Let o(t) = 3*t + 2. Let v be o(2). Let d = v - 0. Let k(n) = -n + 14. What is the units digit of k(d)?
6
Suppose -5 + 41 = b. What is the tens digit of ((-98)/(-3))/(4/b*3)?
9
Suppose 5*n = n - 3*f + 2174, -5*n = 4*f - 2717. What is the units digit of n?
5
Let g(q) = 259*q - 330. What is the tens digit of g(11)?
1
Suppose 0*o = 3*o - 18. Suppose -4*l + 20 = 0, l = -2*n + o*l + 53. Suppose -2*y + 5*b = -n, -2*y - 1 + 0 = 3*b. What is the units digit of y?
7
Suppose 5 = -q, 2*q + 4 = -0*v + 2*v. What is the hundreds digit of (14 + -4)*((-242)/(-10) + v)?
2
Let v = -5 + 22. Let n be 4/(-6) - v/(-3). Suppose 3*d - 137 + 19 = n*a, 0 = -3*d - 3*a + 102. What is the units digit of d?
6
Let a = -45 - -58. Suppose -y - 6 = -1, -3*u - y = -a. What is the units digit of u?
6
Suppose 4*x - 15 = 5. Suppose n - x*n = -208. What is the units digit of n?
2
Suppose -x - 5*b + 5 = -43, -56 = -2*x - 2*b. Let s = x - 26. What is the tens digit of s/(98/(-46) - -2)?
2
What is the units digit of (15/9)/(1/498*2)?
5
Suppose -d + 0*g = -g - 9, -d - 3 = 2*g. Suppose 0 = 2*a + d*y - 182, a = -0*a - y + 85. What is the units digit of a?
1
Let k(f) = f + 10. Let z be k(-8). Suppose 3*v = -z*v + 15, 2*a - 90 = 4*v. What is the units digit of a?
1
Suppose 2*z + 16 = 6*z. Let i = -10 - z. Let d = i - -23. What is the units digit of d?
9
Let i be (8/3)/((-2)/(-3)). Suppose -4 + 4 = d. Suppose d*p = -i*p + 8. What is the units digit of p?
2
Suppose 47*k - 3478 = 10*k. What is the units digit of k?
4
Suppose -4*j - 3*s = -j - 9, 4*s = 0. Let u be -3 + 1 - ((3 - 10) + 1). What is the tens digit of u + (-4 - -49 - j)?
4
Suppose -3*o = -4*m + 45, -4*o = m - 5*m + 48. Suppose 592 - 3211 = -m*s. What is the tens digit of s?
9
Let v = 11 - 1. Let b = v - 15. Let r(c) = -c**2 - 12*c - 2. What is the units digit of r(b)?
3
Let y(q) be the first derivative of -11*q**2/2 + 23*q - 23. What is the tens digit of y(-6)?
8
Let q = -76 - -53. Let l = -22 - -32. Let w = l - q. What is the tens digit of w?
3
Let p = 5 - -4. Let y be -3*12/p - -7. Suppose -5*f - 24 = -2*j, -y*f = 2 + 4. What is the units digit of j?
7
Let v be 1/1 + -3 + 21. Suppose 0 = 3*c - 4*q - v, -5 = 2*c + 2*q + 1. What is the tens digit of c - -1*(-62)/(-2)?
3
Let g = 9 - 7. Suppose 59 = -3*w + v, g*w + 13 = -2*v - 37. What is the units digit of (-6)/w + (-152)/(-7)?
2
Suppose -4*o - 2*s - 198 = 0, o + 42 = 3*s - s. What is the tens digit of (36/o)/(1/(-412))?
0
Let y(m) be the first derivative of -m**3/3 + 5*m**2 + 6*m - 1. Let l(i) = 10*i**2 - 3*i + 2. Let g be l(1). What is the units digit of y(g)?
5
Let z be (-6 + 4)*1*-34. Suppose 2*u - 64 = z. What is the units digit of u?
6
Let t be -13 - -2 - (-1 - -2). What is the tens digit of 0*(-3)/(-15) - t?
1
What is the tens digit of 18*(-35)/42*-58?
7
Let f(y) = 3*y. Let z(b) = 4 - b - 1 + 4 + 2*b. Let x be z(-5). What is the units digit of f(x)?
6
Let j(l) = -26 - 35*l - l + 11. What is the units digit of j(-4)?
9
Suppose -4*t = -9*t + 1230. Suppose 5*y - 370 = -5*o, -3*y - o + t = -4*o. What is the units digit of 11/44 - y/(-8)?
0
Suppose -159 = -15*a + 14*a + 3*i, -3*a + 477 = 2*i. What is the tens digit of a?
5
Let s = 4902 + -3186. What is the hundreds digit of s?
7
Let a = -136 + 309. What is the tens digit of a?
7
Let t be (-2)/6*1*-153. Let z(d) = d**2 + 7*d + 5. Let q be z(-6). Let x = t + q. What is the units digit of x?
0
Let u(r) = r**2 - 17*r - 15. Let l be u(18). What is the units digit of -4 + l - (-1 - 33)?
3
Let j(f) = -70 - f + 2*f**2 - 6*f**2 + 4*f**2 + f**2. What is the tens digit of j(16)?
7
Suppose 4*k - 96 = 2*k. Let m be (33/(-12))/(0 - (-1)/(-4)). Suppose 7*i = m*i - k. What is the tens digit of i?
1
Let w = 13 + -10. Suppose 4*q = -8, w*a - 4*a = -2*q + 14. Let c = -11 - a. What is the units digit of c?
7
Let u(s) = s**3 + 5*s**2 - 8*s - 8. Let x = 19 - 25. What is the units digit of u(x)?
4
Let l(c) = -c**3 + 2*c**2 + c - 3. Let k be l(2). Let f be (k/3)/((-2)/(-18)). Let h = 57 - f. What is the tens digit of h?
6
Suppose 3*z = 4*z - 2. Suppose 5*y = i - 23, -3*i + z*y + 13 + 4 = 0. Suppose 0 = 2*n - 3*r - 77, -2*n - 6*r + 95 = -i*r. What is the tens digit of n?
4
Suppose 4 = 2*w, b - 4*b + w - 416 = 0. What is the units digit of b/(-9) - (-5)/(-15)?
5
